{"id":2002,"date":"2022-03-09T15:44:38","date_gmt":"2022-03-09T15:44:38","guid":{"rendered":"https:\/\/gs-vacha.de\/?page_id=2002"},"modified":"2024-03-08T08:51:47","modified_gmt":"2024-03-08T08:51:47","slug":"satzung","status":"publish","type":"page","link":"https:\/\/gs-vacha.de\/?page_id=2002","title":{"rendered":"Satzung"},"content":{"rendered":"\t\t<div data-elementor-type=\"wp-page\" data-elementor-id=\"2002\" class=\"elementor elementor-2002\">\n\t\t\t\t\t\t<section class=\"elementor-section elementor-top-section elementor-element elementor-element-711c12b elementor-section-boxed elementor-section-height-default elementor-section-height-default\" data-id=\"711c12b\" data-element_type=\"section\">\n\t\t\t\t\t\t<div class=\"elementor-container elementor-column-gap-default\">\n\t\t\t\t\t<div class=\"elementor-column elementor-col-100 elementor-top-column elementor-element elementor-element-a2b44a2\" data-id=\"a2b44a2\" data-element_type=\"column\">\n\t\t\t<div class=\"elementor-widget-wrap elementor-element-populated\">\n\t\t\t\t\t\t<div class=\"elementor-element elementor-element-1b9b1bc elementor-widget elementor-widget-heading\" data-id=\"1b9b1bc\" data-element_type=\"widget\" data-widget_type=\"heading.default\">\n\t\t\t\t<div class=\"elementor-widget-container\">\n\t\t\t\t\t<h2 class=\"elementor-heading-title elementor-size-default\">Schulf\u00f6rderverein der Vitus-Grundschule Vacha e.V.<\/h2>\t\t\t\t<\/div>\n\t\t\t\t<\/div>\n\t\t\t\t<div class=\"elementor-element elementor-element-ae6e15d elementor-widget elementor-widget-text-editor\" data-id=\"ae6e15d\" data-element_type=\"widget\" data-widget_type=\"text-editor.default\">\n\t\t\t\t<div class=\"elementor-widget-container\">\n\t\t\t\t\t\t\t\t\t<p><span class=\"Apple-converted-space\">\u00a0<\/span><b>\u00a7 1 Name und Sitz<span class=\"Apple-converted-space\">\u00a0<\/span><\/b><\/p><p>(1) Der Verein f\u00fchrt den Namen \u201eSchulf\u00f6rderverein der Vitus- Grundschule Vacha\u201c. Er soll in das Vereinsregister eingetragen werden und f\u00fchrt sodann den Zusatz \u201ee. V.\u201c.<span class=\"Apple-converted-space\">\u00a0<\/span><\/p><p>(2) Sitz des Vereins ist Vacha.<span class=\"Apple-converted-space\">\u00a0<\/span><\/p><p><b>\u00a7 2 Zweck und Gemeinn\u00fctzigkeit<span class=\"Apple-converted-space\">\u00a0<\/span><\/b><\/p><p>Zweck des Vereins ist die F\u00f6rderung von Bildung und Erziehung und die Beschaffung von Mitteln f\u00fcr die Vitus-Grundschule in Vacha zur Verwirklichung von steuerbeg\u00fcnstigten Zwecken.<span class=\"Apple-converted-space\">\u00a0<\/span><\/p><p>Der Zweck wird verwirklicht durch die F\u00f6rderung der Lehrt\u00e4tigkeit und des Schullebens, insbesondere durch die Unterst\u00fctzung von schulischen Einrichtungen und Veranstaltungen, Klassenfahrten, Schullandheimaufenthalten und Arbeitsgemeinschaften.<span class=\"Apple-converted-space\">\u00a0<\/span><\/p><p>Der Verein verfolgt ausschlie\u00dflich und unmittelbar gemeinn\u00fctzige Zwecke im Sinne des Abschnitts \u201eSteuerbeg\u00fcnstigte Zwecke der Abgabenordnung\u201c.<span class=\"Apple-converted-space\">\u00a0<\/span><\/p><p>Der Verein ist selbstlos t\u00e4tig; er verfolgt nicht in erster Linie eigenwirtschaftliche Zwecke.<span class=\"Apple-converted-space\">\u00a0<\/span><\/p><p>Mittel des Vereins d\u00fcrfen nur f\u00fcr satzungsm\u00e4\u00dfige Zwecke verwendet werden.<span class=\"Apple-converted-space\">\u00a0<\/span><\/p><p>Die Mitglieder erhalten keine Zuwendungen aus Mitteln des Vereins. Es darf keine Person durch Ausgaben, die dem Zweck des Vereins fremd sind, oder durch unverh\u00e4ltnism\u00e4\u00dfig hohe Verg\u00fctungen beg\u00fcnstigt werden. Die Vereins\u00e4mter sind Ehren\u00e4mter.<span class=\"Apple-converted-space\">\u00a0<\/span><\/p><p><b>\u00a7 3 Wirtschaftsjahr<span class=\"Apple-converted-space\">\u00a0<\/span><\/b><\/p><p>Das Wirtschaftsjahr des Vereins ist das Haushaltsjahr.<span class=\"Apple-converted-space\">\u00a0<\/span><\/p><p><b>\u00a7 4 Mitgliedschaft<span class=\"Apple-converted-space\">\u00a0<\/span><\/b><\/p><p>(1) Mitglied des Vereins kann jede nat\u00fcrliche Person und jede juristische Person des privaten und \u00f6ffentlichen Rechts werden.<span class=\"Apple-converted-space\">\u00a0<\/span><\/p><p>(2) Die Mitgliedschaft ist schriftlich zu beantragen. \u00dcber den Antrag entscheidet der Vorstand.<span class=\"Apple-converted-space\">\u00a0<\/span><\/p><p>(3) Die Mitgliedschaft endet<span class=\"Apple-converted-space\">\u00a0<\/span><\/p><p>\u2022 mit dem Tod des Mitglieds, bei juristischen Personen mit ihrer Aufl\u00f6sung,<span class=\"Apple-converted-space\">\u00a0<\/span><\/p><p>\u2022 durch schriftliche Austrittserkl\u00e4rung, die zum Schluss eines Monats wirksam wird,<span class=\"Apple-converted-space\">\u00a0<\/span><\/p><p>\u2022 durch Ausschluss aus dem Verein oder<span class=\"Apple-converted-space\">\u00a0<\/span><\/p><p>\u2022 durch Streichen aus der Mitgliederliste.<span class=\"Apple-converted-space\">\u00a0<\/span><\/p><p>(4) Der Ausschluss eines Mitglieds kann durch Beschluss des Vorstands erfolgen, wenn das Mitglied in erheblichem Ma\u00df gegen die Vereinsinteressen versto\u00dfen hat. Vor dem Ausschluss ist das betroffene Mitglied pers\u00f6nlich oder schriftlich zu h\u00f6ren. Das ausgeschlossene Mitglied kann gegen die Entscheidung Berufung an den Vorstand einlegen, \u00fcber die die Mitgliederversammlung entscheidet.<span class=\"Apple-converted-space\">\u00a0<\/span><\/p><p>(5) Die Streichung eines Mitglieds aus der Mitgliederliste erfolgt durch den Vorstand, wenn das Mitglied mit zwei Jahresbeitr\u00e4gen im Verzug ist und diesen Betrag auch nach schriftlicher Mahnung durch den Vorstand nicht innerhalb dreier Monate von der Absendung der Mahnung an die letztbekannte Adresse des Mitglieds in voller H\u00f6he entrichtet. In der Mahnung muss der Vorstand auf die bevorstehende Streichung der Mitgliedschaft hinweisen.<span class=\"Apple-converted-space\">\u00a0<\/span><\/p><p><b>\u00a7 5 Mitgliedsbeitrag<span class=\"Apple-converted-space\">\u00a0<\/span><\/b><\/p><p>Die Mitgliedsbeitr\u00e4ge sind Dauerauftr\u00e4ge. \u00dcber die H\u00f6he des Beitrags entscheidet die Mitgliederversammlung.<span class=\"Apple-converted-space\">\u00a0<\/span><\/p><p>Der Vorstand kann in begr\u00fcndeten F\u00e4llen den Beitrag ganz oder teilweise erlassen.<span class=\"Apple-converted-space\">\u00a0<\/span><\/p><p><b>\u00a7 6 Organe des Vereins<span class=\"Apple-converted-space\">\u00a0<\/span><\/b><\/p><p>Die Organe des Vereins sind<span class=\"Apple-converted-space\">\u00a0<\/span><\/p><p>1. der Vorstand<span class=\"Apple-converted-space\">\u00a0<\/span><\/p><p>2. die Mitgliederversammlung.<span class=\"Apple-converted-space\">\u00a0<\/span><\/p><p><b>\u00a7 7 Vorstand<span class=\"Apple-converted-space\">\u00a0<\/span><\/b><\/p><p>(1) Der Vorstand besteht aus dem 1. Vorsitzenden, 2 Stellvertretenden Vorsitzenden, dem Schatzmeister und dem Schriftf\u00fchrer. Der Verein wird gerichtlich und au\u00dfergerichtlich durch den 1. Vorsitzenden und die 2 Stellvertreter vertreten. Jeder von ihnen ist befugt, den Verein allein zu vertreten.<span class=\"Apple-converted-space\">\u00a0<\/span><\/p><p>(2) Der Vorstand wird von der Mitgliederversammlung auf die Dauer von zwei Jahren gew\u00e4hlt. Er bleibt so lange im Amt, bis eine Neu- beziehungsweise Wiederwahl erfolgt.<span class=\"Apple-converted-space\">\u00a0<\/span><\/p><p>Scheidet ein Mitglied des Vorstands w\u00e4hrend der Amtsperiode aus, so kann der Vorstand ein Ersatzmitglied f\u00fcr den Rest der Amtsperiode w\u00e4hlen.<span class=\"Apple-converted-space\">\u00a0<\/span><\/p><p>(3) Der 1. Vorsitzende l\u00e4dt zur Vorstandssitzung unter Angabe der Tagesordnung mit einer Frist von mindestens einer Woche ein.<span class=\"Apple-converted-space\">\u00a0<\/span><\/p><p>Der Vorstand ist beschlussf\u00e4hig, wenn mindestens die H\u00e4lfte der Vorstandsmitglieder anwesend sind.<span class=\"Apple-converted-space\">\u00a0<\/span><\/p><p>Der Vorstand fasst seine Beschl\u00fcsse mit einfacher Mehrheit. Alle Vorstandsmitglieder haben Stimmrecht. Bei Stimmengleichheit entscheidet der 1. Vorsitzende.<span class=\"Apple-converted-space\">\u00a0<\/span><\/p><p><b>\u00a7 8 Mitgliederversammlung<span class=\"Apple-converted-space\">\u00a0<\/span><\/b><\/p><p>(1) Die Mitgliederversammlung wird vom Vorstand einmal j\u00e4hrlich unter Einhaltung einer Einladungsfrist von zwei Wochen schriftlich einberufen.<span class=\"Apple-converted-space\">\u00a0<\/span><\/p><p>(2) Die Einberufung der Mitgliederversammlung erfolgt au\u00dferdem, wenn das Vereinsinteresse es erfordert oder wenn mindestens zehn Prozent der Mitglieder die Einberufung schriftlich und unter Angabe des Zwecks und der Gr\u00fcnde beantragen.<span class=\"Apple-converted-space\">\u00a0<\/span><\/p><p>(3) Mit der Einladung ist die vom Vorstand festgesetzte Tagesordnung mitzuteilen.<span class=\"Apple-converted-space\">\u00a0<\/span><\/p><p>(4) Die Aufgaben der Mitgliederversammlung sind insbesondere<span class=\"Apple-converted-space\">\u00a0<\/span><\/p><p>\u2022 Entgegennahme des Jahresberichts<span class=\"Apple-converted-space\">\u00a0<\/span><\/p><p>\u2022 Entgegennahme des Kassenberichts<span class=\"Apple-converted-space\">\u00a0<\/span><\/p><p>\u2022 Entlastung des Vorstands<span class=\"Apple-converted-space\">\u00a0<\/span><\/p><p>\u2022 Wahl des Vorstands<span class=\"Apple-converted-space\">\u00a0<\/span><\/p><p>\u2022 Festsetzung des Mitgliedsbeitrags<span class=\"Apple-converted-space\">\u00a0<\/span><\/p><p>\u2022 Beschlussfassung \u00fcber Satzungs\u00e4nderungen, \u00c4nderungen des Vereinszwecks und<span class=\"Apple-converted-space\">\u00a0<\/span><\/p><p>Vereinsaufl\u00f6sung<span class=\"Apple-converted-space\">\u00a0<\/span><\/p><p>\u2022 Beschlussfassung \u00fcber die Berufung eines Mitglieds gegen seinen Ausschluss durch<span class=\"Apple-converted-space\">\u00a0<\/span><\/p><p>den Vorstand.<span class=\"Apple-converted-space\">\u00a0<\/span><\/p><p>(5) Die Beschl\u00fcsse der Mitgliederversammlung bed\u00fcrfen der einfachen Mehrheit der erschienenen Mitglieder au\u00dfer den Beschl\u00fcssen \u00fcber Satzungs\u00e4nderung, \u00c4nderung des Vereinszweckes und Vereinsaufl\u00f6sung, f\u00fcr die Mehrheit von drei Vierteln der erschienenen Mitglieder erforderlich ist.<span class=\"Apple-converted-space\">\u00a0<\/span><\/p><p>(6) \u00dcber die Beschl\u00fcsse der Mitgliederversammlung ist ein Protokoll aufzunehmen, das vom Schriftf\u00fchrer erstellt und vom Versammlungsleiter unterschrieben wird.<span class=\"Apple-converted-space\">\u00a0<\/span><\/p><p><b>\u00a7 9 Aufl\u00f6sung des Vereins und Anfall des Vereinsverm\u00f6gens<span class=\"Apple-converted-space\">\u00a0<\/span><\/b><\/p><p>(1) \u00dcber die Aufl\u00f6sung des Vereins entscheidet die Mitgliederversammlung.<span class=\"Apple-converted-space\">\u00a0<\/span><\/p><p>(2) Bei Aufl\u00f6sung und Aufhebung des Vereins oder bei Wegfall steuerbeg\u00fcnstigter Zwecke f\u00e4llt das Verm\u00f6gen des Vereins an die Vitus-Grundschule in Vacha zur Verwendung von Bildungsmitteln. Beschl\u00fcsse \u00fcber die k\u00fcnftige Verwendung des Verm\u00f6gens d\u00fcrfen erst nach Einwilligung des Finanzamts ausgef\u00fchrt werden.<\/p><p><span class=\"Apple-converted-space\">\u00a0<\/span><\/p><p>Vacha, den 09.06.2022<span class=\"Apple-converted-space\">\u00a0<\/span><\/p>\t\t\t\t\t\t\t\t<\/div>\n\t\t\t\t<\/div>\n\t\t\t\t\t<\/div>\n\t\t<\/div>\n\t\t\t\t\t<\/div>\n\t\t<\/section>\n\t\t\t\t<\/div>\n\t\t","protected":false},"excerpt":{"rendered":"<p>Schulf\u00f6rderverein der Vitus-Grundschule Vacha e.V. \u00a0\u00a7 1 Name und Sitz\u00a0 (1) Der Verein f\u00fchrt den Namen \u201eSchulf\u00f6rderverein der Vitus- Grundschule Vacha\u201c. Er soll in das Vereinsregister eingetragen werden und f\u00fchrt sodann den Zusatz \u201ee. V.\u201c.\u00a0 (2) Sitz des Vereins ist &hellip; <\/p>\n","protected":false},"author":7,"featured_media":0,"parent":0,"menu_order":0,"comment_status":"closed","ping_status":"closed","template":"","meta":{"footnotes":""},"class_list":["post-2002","page","type-page","status-publish","hentry"],"_links":{"self":[{"href":"https:\/\/gs-vacha.de\/index.php?rest_route=\/wp\/v2\/pages\/2002","targetHints":{"allow":["GET"]}}],"collection":[{"href":"https:\/\/gs-vacha.de\/index.php?rest_route=\/wp\/v2\/pages"}],"about":[{"href":"https:\/\/gs-vacha.de\/index.php?rest_route=\/wp\/v2\/types\/page"}],"author":[{"embeddable":true,"href":"https:\/\/gs-vacha.de\/index.php?rest_route=\/wp\/v2\/users\/7"}],"replies":[{"embeddable":true,"href":"https:\/\/gs-vacha.de\/index.php?rest_route=%2Fwp%2Fv2%2Fcomments&post=2002"}],"version-history":[{"count":7,"href":"https:\/\/gs-vacha.de\/index.php?rest_route=\/wp\/v2\/pages\/2002\/revisions"}],"predecessor-version":[{"id":2468,"href":"https:\/\/gs-vacha.de\/index.php?rest_route=\/wp\/v2\/pages\/2002\/revisions\/2468"}],"wp:attachment":[{"href":"https:\/\/gs-vacha.de\/index.php?rest_route=%2Fwp%2Fv2%2Fmedia&parent=2002"}],"curies":[{"name":"wp","href":"https:\/\/api.w.org\/{rel}","templated":true}]}}

<div data-elementor-type="wp-page" data-elementor-id="2002" class="elementor elementor-2002">
						<section class="elementor-section elementor-top-section elementor-element elementor-element-711c12b elementor-section-boxed elementor-section-height-default elementor-section-height-default" data-id="711c12b" data-element_type="section">
						<div class="elementor-container elementor-column-gap-default">
					<div class="elementor-column elementor-col-100 elementor-top-column elementor-element elementor-element-a2b44a2" data-id="a2b44a2" data-element_type="column">
			<div class="elementor-widget-wrap elementor-element-populated">
						<div class="elementor-element elementor-element-1b9b1bc elementor-widget elementor-widget-heading" data-id="1b9b1bc" data-element_type="widget" data-widget_type="heading.default">
				<div class="elementor-widget-container">
					<h2 class="elementor-heading-title elementor-size-default">Schulförderverein der Vitus-Grundschule Vacha e.V.</h2>				</div>
				</div>
				<div class="elementor-element elementor-element-ae6e15d elementor-widget elementor-widget-text-editor" data-id="ae6e15d" data-element_type="widget" data-widget_type="text-editor.default">
				<div class="elementor-widget-container">
									<p><span class="Apple-converted-space"> </span><b>§ 1 Name und Sitz<span class="Apple-converted-space"> </span></b></p><p>(1) Der Verein führt den Namen „Schulförderverein der Vitus- Grundschule Vacha“. Er soll in das Vereinsregister eingetragen werden und führt sodann den Zusatz „e. V.“.<span class="Apple-converted-space"> </span></p><p>(2) Sitz des Vereins ist Vacha.<span class="Apple-converted-space"> </span></p><p><b>§ 2 Zweck und Gemeinnützigkeit<span class="Apple-converted-space"> </span></b></p><p>Zweck des Vereins ist die Förderung von Bildung und Erziehung und die Beschaffung von Mitteln für die Vitus-Grundschule in Vacha zur Verwirklichung von steuerbegünstigten Zwecken.<span class="Apple-converted-space"> </span></p><p>Der Zweck wird verwirklicht durch die Förderung der Lehrtätigkeit und des Schullebens, insbesondere durch die Unterstützung von schulischen Einrichtungen und Veranstaltungen, Klassenfahrten, Schullandheimaufenthalten und Arbeitsgemeinschaften.<span class="Apple-converted-space"> </span></p><p>Der Verein verfolgt ausschließlich und unmittelbar gemeinnützige Zwecke im Sinne des Abschnitts „Steuerbegünstigte Zwecke der Abgabenordnung“.<span class="Apple-converted-space"> </span></p><p>Der Verein ist selbstlos tätig; er verfolgt nicht in erster Linie eigenwirtschaftliche Zwecke.<span class="Apple-converted-space"> </span></p><p>Mittel des Vereins dürfen nur für satzungsmäßige Zwecke verwendet werden.<span class="Apple-converted-space"> </span></p><p>Die Mitglieder erhalten keine Zuwendungen aus Mitteln des Vereins. Es darf keine Person durch Ausgaben, die dem Zweck des Vereins fremd sind, oder durch unverhältnismäßig hohe Vergütungen begünstigt werden. Die Vereinsämter sind Ehrenämter.<span class="Apple-converted-space"> </span></p><p><b>§ 3 Wirtschaftsjahr<span class="Apple-converted-space"> </span></b></p><p>Das Wirtschaftsjahr des Vereins ist das Haushaltsjahr.<span class="Apple-converted-space"> </span></p><p><b>§ 4 Mitgliedschaft<span class="Apple-converted-space"> </span></b></p><p>(1) Mitglied des Vereins kann jede natürliche Person und jede juristische Person des privaten und öffentlichen Rechts werden.<span class="Apple-converted-space"> </span></p><p>(2) Die Mitgliedschaft ist schriftlich zu beantragen. Über den Antrag entscheidet der Vorstand.<span class="Apple-converted-space"> </span></p><p>(3) Die Mitgliedschaft endet<span class="Apple-converted-space"> </span></p><p>• mit dem Tod des Mitglieds, bei juristischen Personen mit ihrer Auflösung,<span class="Apple-converted-space"> </span></p><p>• durch schriftliche Austrittserklärung, die zum Schluss eines Monats wirksam wird,<span class="Apple-converted-space"> </span></p><p>• durch Ausschluss aus dem Verein oder<span class="Apple-converted-space"> </span></p><p>• durch Streichen aus der Mitgliederliste.<span class="Apple-converted-space"> </span></p><p>(4) Der Ausschluss eines Mitglieds kann durch Beschluss des Vorstands erfolgen, wenn das Mitglied in erheblichem Maß gegen die Vereinsinteressen verstoßen hat. Vor dem Ausschluss ist das betroffene Mitglied persönlich oder schriftlich zu hören. Das ausgeschlossene Mitglied kann gegen die Entscheidung Berufung an den Vorstand einlegen, über die die Mitgliederversammlung entscheidet.<span class="Apple-converted-space"> </span></p><p>(5) Die Streichung eines Mitglieds aus der Mitgliederliste erfolgt durch den Vorstand, wenn das Mitglied mit zwei Jahresbeiträgen im Verzug ist und diesen Betrag auch nach schriftlicher Mahnung durch den Vorstand nicht innerhalb dreier Monate von der Absendung der Mahnung an die letztbekannte Adresse des Mitglieds in voller Höhe entrichtet. In der Mahnung muss der Vorstand auf die bevorstehende Streichung der Mitgliedschaft hinweisen.<span class="Apple-converted-space"> </span></p><p><b>§ 5 Mitgliedsbeitrag<span class="Apple-converted-space"> </span></b></p><p>Die Mitgliedsbeiträge sind Daueraufträge. Über die Höhe des Beitrags entscheidet die Mitgliederversammlung.<span class="Apple-converted-space"> </span></p><p>Der Vorstand kann in begründeten Fällen den Beitrag ganz oder teilweise erlassen.<span class="Apple-converted-space"> </span></p><p><b>§ 6 Organe des Vereins<span class="Apple-converted-space"> </span></b></p><p>Die Organe des Vereins sind<span class="Apple-converted-space"> </span></p><p>1. der Vorstand<span class="Apple-converted-space"> </span></p><p>2. die Mitgliederversammlung.<span class="Apple-converted-space"> </span></p><p><b>§ 7 Vorstand<span class="Apple-converted-space"> </span></b></p><p>(1) Der Vorstand besteht aus dem 1. Vorsitzenden, 2 Stellvertretenden Vorsitzenden, dem Schatzmeister und dem Schriftführer. Der Verein wird gerichtlich und außergerichtlich durch den 1. Vorsitzenden und die 2 Stellvertreter vertreten. Jeder von ihnen ist befugt, den Verein allein zu vertreten.<span class="Apple-converted-space"> </span></p><p>(2) Der Vorstand wird von der Mitgliederversammlung auf die Dauer von zwei Jahren gewählt. Er bleibt so lange im Amt, bis eine Neu- beziehungsweise Wiederwahl erfolgt.<span class="Apple-converted-space"> </span></p><p>Scheidet ein Mitglied des Vorstands während der Amtsperiode aus, so kann der Vorstand ein Ersatzmitglied für den Rest der Amtsperiode wählen.<span class="Apple-converted-space"> </span></p><p>(3) Der 1. Vorsitzende lädt zur Vorstandssitzung unter Angabe der Tagesordnung mit einer Frist von mindestens einer Woche ein.<span class="Apple-converted-space"> </span></p><p>Der Vorstand ist beschlussfähig, wenn mindestens die Hälfte der Vorstandsmitglieder anwesend sind.<span class="Apple-converted-space"> </span></p><p>Der Vorstand fasst seine Beschlüsse mit einfacher Mehrheit. Alle Vorstandsmitglieder haben Stimmrecht. Bei Stimmengleichheit entscheidet der 1. Vorsitzende.<span class="Apple-converted-space"> </span></p><p><b>§ 8 Mitgliederversammlung<span class="Apple-converted-space"> </span></b></p><p>(1) Die Mitgliederversammlung wird vom Vorstand einmal jährlich unter Einhaltung einer Einladungsfrist von zwei Wochen schriftlich einberufen.<span class="Apple-converted-space"> </span></p><p>(2) Die Einberufung der Mitgliederversammlung erfolgt außerdem, wenn das Vereinsinteresse es erfordert oder wenn mindestens zehn Prozent der Mitglieder die Einberufung schriftlich und unter Angabe des Zwecks und der Gründe beantragen.<span class="Apple-converted-space"> </span></p><p>(3) Mit der Einladung ist die vom Vorstand festgesetzte Tagesordnung mitzuteilen.<span class="Apple-converted-space"> </span></p><p>(4) Die Aufgaben der Mitgliederversammlung sind insbesondere<span class="Apple-converted-space"> </span></p><p>• Entgegennahme des Jahresberichts<span class="Apple-converted-space"> </span></p><p>• Entgegennahme des Kassenberichts<span class="Apple-converted-space"> </span></p><p>• Entlastung des Vorstands<span class="Apple-converted-space"> </span></p><p>• Wahl des Vorstands<span class="Apple-converted-space"> </span></p><p>• Festsetzung des Mitgliedsbeitrags<span class="Apple-converted-space"> </span></p><p>• Beschlussfassung über Satzungsänderungen, Änderungen des Vereinszwecks und<span class="Apple-converted-space"> </span></p><p>Vereinsauflösung<span class="Apple-converted-space"> </span></p><p>• Beschlussfassung über die Berufung eines Mitglieds gegen seinen Ausschluss durch<span class="Apple-converted-space"> </span></p><p>den Vorstand.<span class="Apple-converted-space"> </span></p><p>(5) Die Beschlüsse der Mitgliederversammlung bedürfen der einfachen Mehrheit der erschienenen Mitglieder außer den Beschlüssen über Satzungsänderung, Änderung des Vereinszweckes und Vereinsauflösung, für die Mehrheit von drei Vierteln der erschienenen Mitglieder erforderlich ist.<span class="Apple-converted-space"> </span></p><p>(6) Über die Beschlüsse der Mitgliederversammlung ist ein Protokoll aufzunehmen, das vom Schriftführer erstellt und vom Versammlungsleiter unterschrieben wird.<span class="Apple-converted-space"> </span></p><p><b>§ 9 Auflösung des Vereins und Anfall des Vereinsvermögens<span class="Apple-converted-space"> </span></b></p><p>(1) Über die Auflösung des Vereins entscheidet die Mitgliederversammlung.<span class="Apple-converted-space"> </span></p><p>(2) Bei Auflösung und Aufhebung des Vereins oder bei Wegfall steuerbegünstigter Zwecke fällt das Vermögen des Vereins an die Vitus-Grundschule in Vacha zur Verwendung von Bildungsmitteln. Beschlüsse über die künftige Verwendung des Vermögens dürfen erst nach Einwilligung des Finanzamts ausgeführt werden.</p><p><span class="Apple-converted-space"> </span></p><p>Vacha, den 09.06.2022<span class="Apple-converted-space"> </span></p>								</div>
				</div>
					</div>
		</div>
					</div>
		</section>
				</div>

<p>Schulförderverein der Vitus-Grundschule Vacha e.V.  § 1 Name und Sitz  (1) Der Verein führt den Namen „Schulförderverein der Vitus- Grundschule Vacha“. Er soll in das Vereinsregister eingetragen werden und führt sodann den Zusatz „e. V.“.  (2) Sitz des Vereins ist &hellip; </p>
